rs of t?
7, 17
Suppose -3*i - 15 = -3*z - 84, -3*i + 2*z + 71 = 0. Let r = 75 - i. What are the prime factors of r?
2, 5
Let n = 0 - -4. Suppose -n*y + 0*y - 4*r = -48, 0 = -4*y + r + 73. What are the prime factors of y?
17
Suppose -7687 = -13*g + 17468. List the prime factors of g.
3, 5, 43
Suppose 0 = 2*u + 2*m + 6, 5*u + 3*m = -10 + 3. Suppose -y = -u + 9. Let v = y - -31. What are the prime factors of v?
23
Suppose 4*j + g - 10468 = 0, 5248 = 2*j - 71*g + 68*g. What are the prime factors of j?
2, 7, 11, 17
Suppose o + 15 = -129. Let v = o + 319. What are the prime factors of v?
5, 7
Suppose 0 = 5*o - 33 - 27. Let s = o - -18. What are the prime factors of s?
2, 3, 5
Suppose 65 - 323 = a. List the prime factors of 2*(-5 + 4) - a.
2
Let w be 21/(-1*(3 - 4)). Let d be ((-36)/w - -2)*35. List the prime factors of ((-102)/d)/(10/(-50)).
3, 17
Let h(m) = 3*m - 5. Let d be h(7). Suppose -5*n = -d*n + 2079. What are the prime factors of n?
3, 7
Suppose -15822 = 98*d - 103*d - 4*b, 0 = -5*b - 10. List the prime factors of d.
2, 1583
Suppose 1944 = 8*o + o. List the prime factors of o.
2, 3
Let l = 14 + -8. Let d be 414/115 - (-6)/(-10). Suppose -l = -d*o + 9. List the prime factors of o.
5
Let n(d) = 0 + 3*d + 7*d + d**2 - 4. Let j = -30 + 18. List the prime factors of n(j).
2, 5
Let j be -5 + 8 + -1 + 7. Suppose 4*p + t - 208 = 0, -4*p + j*p + 3*t = 260. List the prime factors of (p/(-6))/((-4)/6).
13
What are the prime factors of (-3)/(-6 - (-2601)/434)?
2, 7, 31
Suppose 0 = 8*q - 4523 - 1205. What are the prime factors of q?
2, 179
Suppose 8 = -3*a - a. Suppose -80 = -11*g + 74. Let u = a + g. What are the prime factors of u?
2, 3
Suppose -y + 4*g + 503 = -0*g, -3*y - 4*g + 1541 = 0. What are the prime factors of y?
7, 73
Let s be (-1 - -1)*2/30*5. What are the prime factors of 834/6 - (s + (2 - 0))?
137
Let p = 73 - -29. What are the prime factors of p/1 + 8/(-8)?
101
Suppose z - 104 = 223. What are the prime factors of z?
3, 109
Suppose 0*i = 2*l + 5*i - 1936, 0 = 4*l + 5*i - 3852. List the prime factors of l/6 + (-32)/(-24).
7, 23
Let n(s) = -s**3 - 2*s**2 - s - 7. Let a be n(-3). List the prime factors of (5 - -11)*a/1.
2, 5
Let r be 3*(-4)/18 + (-9)/27. Let o(f) = -12*f + 2. What are the prime factors of o(r)?
2, 7
Let m = 58 + -39. Suppose -6*y + m = 181. What are the prime factors of (39/9)/((-3)/y)?
3, 13
Let b be 7/5 + (-4)/10. What are the prime factors of b/(2 - 363/183)?
61
Let y(q) = -q**2 - 2*q + 8. Let k be y(-6). Suppose 198 = 113*d - 119*d. Let t = k - d. List the prime factors of t.
17
Suppose -4*z + 2*z + 62 = 0. Suppose 22 = -5*a + 3*a. Let l = z + a. What are the prime factors of l?
2, 5
Let r(t) = 4 - 52*t + 126*t**2 + 9 - 128*t**2. List the prime factors of r(-25).
3, 7
Let a(n) = n**3 - n**2. Suppose c + 0*x - 4 = x, 3*c = -4*x - 2. Let b be a(c). What are the prime factors of ((-168)/(-49))/(b/70)?
2, 3, 5
Let i(o) = -o**2 - 11*o + 248. What are the prime factors of i(-21)?
2, 19
Let n = -21 - -24. Let u(y) = 23*y + 10. List the prime factors of u(n).
79
List the prime factors of (-6775)/(-13) - 10/65.
521
Let a = 382 - 98. What are the prime factors of a?
2, 71
Suppose -25 = 3*x - 8*x, 4*z - 33 = 3*x. Suppose o - c + 3*c - 1 = 0, -4*c = o + 1. List the prime factors of (z/10)/(o/15).
2, 3
Let u(y) = 13*y**2 - 9 + 11*y + y**3 + 0*y**3 + 0*y**3 + 5. List the prime factors of u(-12).
2
Let w be 1/(-4)*-4*-11. Let x(t) = -t**3 - 11*t**2 + t + 14. Let j be x(w). Suppose 11 = 4*p - 3*p + 2*d, j*p - 58 = -d. List the prime factors of p.
3, 7
Let p(y) = y - 9. Suppose -1 - 49 = -5*k. Let h be p(k). Suppose 37 = 4*u + h. List the prime factors of u.
3
Let f(j) = -9*j**3 + j**2 + 11. Let n be f(-3). Suppose -5*q + 32 = -n. What are the prime factors of q?
59
Let k = -51 - -21. Let i be 17/3 - (-20)/k. Suppose -2*f = 5*z - 50, i*f = z + 3*z - 7. What are the prime factors of z?
2
Let p be (-2*359/2*-1)/1. What are the prime factors of -1 + (-12)/(-10) + p/5?
2, 3
Let v(a) = a**3 + 5*a**2 - 12*a + 2. Suppose -10 = -4*j - 2. Suppose j*h + 6 + 3 = b, 2*h = -4*b - 14. List the prime factors of v(h).
2, 31
Let v = 5414 + 126. What are the prime factors of v?
2, 5, 277
Let y = 12 - 3. Let p(q) = q**2 + 2*q + 4. What are the prime factors of p(y)?
103
Let d(a) = 2*a - 3. Let v = -14 - -17. Let i be d(v). Suppose -i*w - 100 = -8*w. What are the prime factors of w?
2, 5
Let o(s) = -55*s - 782. What are the prime factors of o(-48)?
2, 929
List the prime factors of -1*(-1 - 0 - (333 - 0)).
2, 167
Let k be -2*2 + (-28)/(-7). Suppose k = 22*y - 27*y + 345. What are the prime factors of y?
3, 23
Suppose 2*d - 2*v = v, 0 = 4*d + 3*v. Suppose d = 12*s - 8*s - 8. What are the prime factors of s?
2
What are the prime factors of 0 - 0 - 1242/(4 + -7)?
2, 3, 23
Suppose 0 = 4*z + 2*k - 170, -2*z + 2*k + 56 + 26 = 0. Suppose -2*v = -5*v - z. What are the prime factors of (3 + -6)/3*v?
2, 7
Let v = 1175 - 276. List the prime factors of v.
29, 31
What are the prime factors of (8478/(-36))/((21/(-12))/7)?
2, 3, 157
Suppose -t + 6128 = 5*o, -6*o = -5*o + 3*t - 1220. List the prime factors of o.
2, 613
Suppose 2*x + 3*f - 1 = 0, 0*x = -2*x + f + 5. Suppose -3*d - 616 = -11*d. What are the prime factors of 1449/d - x/(-11)?
19
Suppose -c = -3*c, -5*c + 402 = 2*o. Suppose 2*x - o = -71. List the prime factors of x.
5, 13
Let y(c) = -2*c**2 - 6*c + 6. Let d be y(-5). Let u be (-20)/d + (-3)/7. List the prime factors of ((-172)/(-12))/(u/3).
43
List the prime factors of (1232/210 - 6) + 83644/30.
2, 17, 41
List the prime factors of -2*((-10269)/(-6))/(-7).
3, 163
Let s(b) = b**3 - 6*b**2 - 9*b + 1. Let f be s(7). Suppose -3*w + 0*w = -114. Let v = f + w. List the prime factors of v.
5
Let u(c) = c**3 - 17*c**2 + 9*c + 11. Let t be u(17). Let y = -24 + t. Suppose 4*a - 48 - 53 = -3*h, -y = -5*a - h. List the prime factors of a.
29
Suppose 3*g + 5*d - 3*d - 56 = 0, g - 4*d = 28. List the prime factors of (-1548)/(-14) + g/(-35)*1.
2, 5, 11
Let t(w) = 2*w**3 - 13*w**2 + w + 78. List the prime factors of t(14).
2, 379
Let p = 390 + -388. Let a be 1*(-2 + 1)*-33. Suppose p*b = -b + a. What are the prime factors of b?
11
Let l = -18 - -20. List the prime factors of (l/(-6))/((-12)/1008).
2, 7
Let b = -326 + 775. List the prime factors of b.
449
Let v be ((-66)/9)/(2/(-3)). Let f be (-114)/(-22) + (-2)/v. Suppose -5 = -t, 3*q - q - f*t = 73. What are the prime factors of q?
7
Suppose 452*z = 485*z - 88044. What are the prime factors of z?
2, 23, 29
Suppose -669 = -2*a - 2*a - s, -s - 161 = -a. Suppose -56 + a = 2*v. Suppose -c - i + 27 = 0, 2*c + 0*i = -i + v. List the prime factors of c.
2, 7
Suppose 0 = -j + 5*y - 25, -3*y = 4*j + y - 20. Suppose j = 3*s + 3*i + 2*i + 13, 0 = s - 2*i - 14. Suppose 3*w - s = 5. What are the prime factors of w?
3
Let d(p) = -p + 16. Let a be d(14). Suppose a*j + 30 = 136. List the prime factors of j.
53
Let u = 402 - 735. Let w = u + 1047. List the prime factors of 4/22 - w/(-66).
11
Let h(w) = -w**2 - w + 13. Let l be h(-8). Let r = l + 120. What are the prime factors of r?
7, 11
Suppose 0 = -2*q + 11 - 3. Suppose q*l = 186 + 126. What are the prime factors of l?
2, 3, 13
Let y(x) = 9*x - 7. Let u(a) = -6*a + 5. Suppose -p = 4 + 1. Let c(j) = p*y(j) - 7*u(j). What are the prime factors of c(-3)?
3
Suppose -3*w = 2*w - 40. Let n(v) = v**3 - 5*v**2 + 5*v. Let r be n(5). Let h = r - w. List the prime factors of h.
17
Let m(q) = -9*q - 21. Let s(h) = 5*h + 11. Let d(j) = 2*m(j) + 5*s(j). What are the prime factors of d(2)?
3
Let h be 26 + (-1 - 0) - -3 - 4. Suppose 4*s - 5*p = 28, 0 = -3*s - 3*p + h - 3. List the prime factors of s.
7
Let o(x) = -x**3 + 19*x**2 - 20*x - 43. List the prime factors of o(17).
3, 5, 13
Suppose 0 = 12*m + 4*m - 10016. List the prime factors of m.
2, 313
Suppose v = c + 106, -v + c - 512 = -6*v. What are the prime factors of v?
103
Let d be (-1 - -3)/10 + 1270/25. Let z = 109 - d. What are the prime factors of z?
2, 29
Let b(n) = n**2 + 10*n + 22. Let w be b(-9). Suppose 2*s + 22 = -4*d, -d + 5*d + w = s. List the prime factors of -1*(d - -3) - -12.
13
Suppose -118 = -5*c - j - 33, -2*j = 4*c - 74. What are the prime factors of 9/(-6) + 632/c?
2, 19
Suppose 4*d + 10 - 26 = -3*i, 5*d + 7 = 3*i. Let m be 24